{"id":5872,"date":"2023-05-31T08:56:20","date_gmt":"2023-05-31T08:56:20","guid":{"rendered":"https:\/\/hojarasca-danza.com\/?page_id=5872"},"modified":"2023-07-03T07:54:45","modified_gmt":"2023-07-03T07:54:45","slug":"proyecto-un-paso-adelante","status":"publish","type":"page","link":"https:\/\/hojarasca-danza.com\/fr\/proyecto-un-paso-adelante\/","title":{"rendered":"Un projet en avant"},"content":{"rendered":"<hr class=\"wp-block-separator has-text-color has-black-color has-alpha-channel-opacity has-black-background-color has-background\"\/>\n\n\n\n<div class=\"wp-block-columns alignfull are-vertically-aligned-center has-white-color has-black-background-color has-text-color has-background is-layout-flex wp-container-core-columns-is-layout-28f84493 wp-block-columns-is-layout-flex\" style=\"font-style:normal;font-weight:500\">\n<div class=\"wp-block-column is-layout-flow wp-block-column-is-layout-flow\" style=\"flex-basis:15%\"><\/div>\n\n\n\n<div class=\"wp-block-column is-vertically-aligned-center is-layout-flow wp-block-column-is-layout-flow\" style=\"flex-basis:70%\">\n<div class=\"wp-block-group is-layout-constrained wp-block-group-is-layout-constrained\">\n<h1 class=\"wp-block-heading has-text-align-center\">Un programme d&#039;activit\u00e9s pour la revitalisation culturelle dans les zones non urbaines de Castilla y Le\u00f3n<\/h1>\n\n\n\n<p class=\"has-text-align-center has-medium-font-size\" style=\"font-style:normal;font-weight:400\">_ La compagnie castillane-l\u00e9onaise Alicia Soto-Hojarasca, sous la direction artistique d&#039;Alicia Soto, est la promotrice du projet \u00ab Un pas en avant \u00bb. Un programme d&#039;activit\u00e9s qui tourne autour du langage de la danse contemporaine et urbaine, des arts du mouvement et de la technologie, et qui visitera diff\u00e9rents lieux de Valladolid.<\/p>\n\n\n\n<p class=\"has-text-align-center has-medium-font-size\" style=\"font-style:normal;font-weight:400\">_ Du 3 au 25 juin, diff\u00e9rents ateliers pour les femmes, les enfants et les jeunes seront programm\u00e9s, ainsi que le spectacle de rue La Petite Voiture 2.0, par la compagnie. Alicia Soto-Hojarasca, dans les communes d&#039;Aldeamayor de San Mart\u00edn, La Seca, Nava del Rey, Matapozuelos, Medina de Rioseco, Olmedo, Pozaldez, Rueda, Serrada, Tordesillas, Viana de Cega et Villalar de los Comuneros.<\/p>\n\n\n\n<p class=\"has-text-align-center has-medium-font-size\" style=\"font-style:normal;font-weight:400\">_ La chor\u00e9graphe et danseuse Alicia Soto a pass\u00e9 pr\u00e8s de 30 ans \u00e0 d\u00e9velopper des synergies entre les territoires non urbains et le monde artistique, favorisant l&#039;acc\u00e8s \u00e0 la culture loin des villes et g\u00e9n\u00e9rant ainsi la cr\u00e9ation d&#039;emplois et une impulsion \u00e9conomique dans lesdits territoires.<\/p>\n<\/div>\n<\/div>\n\n\n\n<div class=\"wp-block-column is-layout-flow wp-block-column-is-layout-flow\" style=\"flex-basis:15%\"><\/div>\n<\/div>\n\n\n\n<div class=\"wp-block-columns alignfull has-black-color has-white-background-color has-text-color has-background is-layout-flex wp-container-core-columns-is-layout-28f84493 wp-block-columns-is-layout-flex\" style=\"font-size:18px;font-style:normal;font-weight:500\">\n<div class=\"wp-block-column is-layout-flow wp-block-column-is-layout-flow\" style=\"flex-basis:33.33%\"><\/div>\n\n\n\n<div class=\"wp-block-column is-layout-flow wp-block-column-is-layout-flow\" style=\"flex-basis:66.67%\">\n<figure class=\"wp-block-image size-large\"><img fetchpriority=\"high\" decoding=\"async\" width=\"1024\" height=\"268\" src=\"https:\/\/hojarasca-danza.com\/wp-content\/uploads\/2023\/06\/logos-con-fondo-blanco2-1024x268.jpg\" alt=\"\" class=\"wp-image-6045\" srcset=\"https:\/\/hojarasca-danza.com\/wp-content\/uploads\/2023\/06\/logos-con-fondo-blanco2-1024x268.jpg 1024w, https:\/\/hojarasca-danza.com\/wp-content\/uploads\/2023\/06\/logos-con-fondo-blanco2-300x79.jpg 300w, https:\/\/hojarasca-danza.com\/wp-content\/uploads\/2023\/06\/logos-con-fondo-blanco2-768x201.jpg 768w, https:\/\/hojarasca-danza.com\/wp-content\/uploads\/2023\/06\/logos-con-fondo-blanco2-1536x402.jpg 1536w, https:\/\/hojarasca-danza.com\/wp-content\/uploads\/2023\/06\/logos-con-fondo-blanco2-18x5.jpg 18w, https:\/\/hojarasca-danza.com\/wp-content\/uploads\/2023\/06\/logos-con-fondo-blanco2.jpg 1769w\" sizes=\"(max-width: 1024px) 100vw, 1024px\" \/><\/figure>\n\n\n\n<hr class=\"wp-block-separator has-text-color has-white-color has-alpha-channel-opacity has-white-background-color has-background\"\/>\n\n\n\n<div class=\"wp-block-group is-layout-constrained wp-block-group-is-layout-constrained\">\n<p>Au cours du mois de juin, du 3 au 25, la compagnie de danse contemporaine castillane-l\u00e9onaise Alicia Soto-Hojarasca pr\u00e9sentera un nouveau projet intitul\u00e9 Un paso adelante, dans lequel elle poursuit son travail de dynamisation culturelle des zones non urbaines. Pour sa directrice, Alicia Soto, cette initiative s&#039;inscrit dans sa mani\u00e8re d&#039;appr\u00e9hender la culture et plus particuli\u00e8rement la danse, qui a guid\u00e9 sa carri\u00e8re de cr\u00e9atrice et celle de sa compagnie. Depuis 1994, date \u00e0 laquelle il a commenc\u00e9 sa r\u00e9sidence artistique dans la ville de Burgos \u00e0 Sasam\u00f3n, Soto a plaid\u00e9 pour l&#039;importance de la d\u00e9centralisation des arts dans les villes, qui permet la d\u00e9mocratisation de l&#039;art, favorisant l&#039;acc\u00e8s \u00e0 la culture en dehors des centres urbains et promeut la modernisation de des id\u00e9es, des crit\u00e8res et une acceptation de la diff\u00e9rence. En m\u00eame temps, avec les diff\u00e9rentes exp\u00e9riences mises en \u0153uvre au fil des ann\u00e9es, il a montr\u00e9 comment ce type d&#039;action cr\u00e9e des synergies avec la population locale et ses agents sociaux et \u00e9ducatifs et favorise l&#039;activation de l&#039;\u00e9conomie locale et la cr\u00e9ation d&#039;emplois.<\/p>\n\n\n\n<div style=\"height:31px\" aria-hidden=\"true\" class=\"wp-block-spacer\"><\/div>\n\n\n\n<p><strong>UN PAS EN AVANT<\/strong><\/p>\n\n\n\n<p>La programmation d&#039;activit\u00e9s et d&#039;actions qui composent le projet Un paso adelante s&#039;articule autour du langage de la danse contemporaine, des arts du mouvement, de la danse-th\u00e9\u00e2tre, des danses urbaines et de la technologie. La danse, en se passant du mot comme principal \u00e9l\u00e9ment d&#039;expression, est un langage universel qui permet d&#039;atteindre des lieux inimaginables en lien avec l&#039;intelligence \u00e9motionnelle. Comme il n&#039;y a pas de mot, il n&#039;y a pas de barri\u00e8re, et la communication est large et infinie, permettant au public d&#039;imaginer et de ressentir. De plus, sa pratique nous permet d&#039;aborder et d&#039;exprimer diff\u00e9rents aspects de la vie et, au cours des derni\u00e8res d\u00e9cennies, sa nature th\u00e9rapeutique a \u00e9t\u00e9 d\u00e9montr\u00e9e, aidant \u00e0 la croissance personnelle et \u00e0 la coh\u00e9sion des communaut\u00e9s.<\/p>\n\n\n\n<div style=\"height:14px\" aria-hidden=\"true\" class=\"wp-block-spacer\"><\/div>\n\n\n\n<p class=\"has-text-align-center has-white-color has-text-color has-background\" style=\"background-color:#b6b6b6;font-size:19px\">Pour le projet, la collaboration des municipalit\u00e9s d&#039;Aldeamayor de San Mart\u00edn, La Seca, Nava del Rey, Matapozuelos, Medina de Rioseco, Olmedo, Pozaldez, Rueda, Serrada, Tordesillas, Viana de Cega et Villalar de los Comuneros a \u00e9t\u00e9 re\u00e7ue.<\/p>\n\n\n\n<div style=\"height:14px\" aria-hidden=\"true\" class=\"wp-block-spacer\"><\/div>\n\n\n\n<p>Une avanc\u00e9e est constitu\u00e9e de trois piliers : des ateliers et un laboratoire d&#039;images pour les r\u00e9seaux sociaux (\u00e0 destination des femmes, des enfants et des jeunes) ; une r\u00e9sidence artistique \u00e0 la Serrada courant 2023 et l&#039;exposition des spectacles La Petite Voiture 2.0 et Regards, cr\u00e9\u00e9s par la compagnie Alicia Soto-Hojarasca. Les ateliers et les diff\u00e9rentes fonctions qui auront lieu dans le spectacle auront lieu dans diff\u00e9rentes villes de Valladolid comptant entre 300 et 4 000 habitants.<\/p>\n\n\n\n<div class=\"wp-block-columns has-white-background-color has-background is-layout-flex wp-container-core-columns-is-layout-28f84493 wp-block-columns-is-layout-flex\">\n<div class=\"wp-block-column is-layout-flow wp-block-column-is-layout-flow\">\n<div class=\"wp-block-buttons is-content-justification-center is-layout-flex wp-container-core-buttons-is-layout-a89b3969 wp-block-buttons-is-layout-flex\">\n<div class=\"wp-block-button has-custom-font-size\" style=\"font-size:18px;text-transform:uppercase\"><a class=\"wp-block-button__link has-white-color has-black-background-color has-text-color has-background wp-element-button\" href=\"https:\/\/hojarasca-danza.com\/fr\/actividades-y-laboratorio\/\" style=\"border-radius:0px\" target=\"_blank\" rel=\"noreferrer noopener\">Ateliers et Laboratoire<\/a><\/div>\n<\/div>\n<\/div>\n\n\n\n<div class=\"wp-block-column is-layout-flow wp-block-column-is-layout-flow\">\n<div class=\"wp-block-buttons is-content-justification-center is-layout-flex wp-container-core-buttons-is-layout-a89b3969 wp-block-buttons-is-layout-flex\">\n<div class=\"wp-block-button has-custom-font-size\" style=\"font-size:18px;text-transform:uppercase\"><a class=\"wp-block-button__link has-white-color has-black-background-color has-text-color has-background has-text-align-center wp-element-button\" href=\"https:\/\/hojarasca-danza.com\/fr\/espectaculos\/\" style=\"border-radius:0px\">Spectacles : La Petite voiture 2.0 et Regards <\/a><\/div>\n<\/div>\n<\/div>\n<\/div>\n\n\n\n<div class=\"wp-block-columns has-white-background-color has-background is-layout-flex wp-container-core-columns-is-layout-28f84493 wp-block-columns-is-layout-flex\">\n<div class=\"wp-block-column is-layout-flow wp-block-column-is-layout-flow\">\n<div class=\"wp-block-buttons is-content-justification-center is-layout-flex wp-container-core-buttons-is-layout-a89b3969 wp-block-buttons-is-layout-flex\">\n<div class=\"wp-block-button has-custom-font-size\" style=\"font-size:18px;text-transform:uppercase\"><a class=\"wp-block-button__link has-white-color has-black-background-color has-text-color has-background wp-element-button\" href=\"https:\/\/hojarasca-danza.com\/fr\/programacion-un-paso-adelante-por-dias\/\" style=\"border-radius:0px\">Programmation compl\u00e8te (par jours \/ Lieu)<\/a><\/div>\n<\/div>\n<\/div>\n<\/div>\n<\/div>\n\n\n\n<p><strong>Le projet est financ\u00e9 par l&#039;Union Europ\u00e9enne, dans le cadre du Plan de Relance, de Transformation et de R\u00e9silience ; avec la collaboration du Minist\u00e8re de la Culture, du Tourisme et des Sports de la Junta de Castilla y Le\u00f3n.<\/strong><\/p>\n\n\n\n<div style=\"height:24px\" aria-hidden=\"true\" class=\"wp-block-spacer\"><\/div>\n\n\n\n<p><strong>R\u00c9SIDENCE D&#039;ARTISTE<\/strong><\/p>\n\n\n\n<p>La soci\u00e9t\u00e9 Alicia Soto-Hojarasca d\u00e9veloppera des p\u00e9riodes de recherche \u00e0 Serrada (Valladolid) pour sa nouvelle production courant 2023. Un atelier pour les femmes de 45 \u00e0 55 ans sera organis\u00e9 pour travailler avec elles sur ce projet.<\/p>\n\n\n\n<div style=\"height:33px\" aria-hidden=\"true\" class=\"wp-block-spacer\"><\/div>\n\n\n\n<p><strong>ENTREPRISE ALICIA SOTO-HOJARASCA<\/strong><\/p>\n\n\n\n<p>Alicia Soto-Hojarasca est une compagnie professionnelle de danse contemporaine et de cr\u00e9ation au long pass\u00e9, cr\u00e9\u00e9e en 1994, sous la direction artistique et chor\u00e9graphique d&#039;Alicia Soto.<\/p>\n\n\n\n<p>Plus de 30 spectacles ont \u00e9t\u00e9 mis en sc\u00e8ne, grand, moyen et petit format, cr\u00e9ations vid\u00e9o et vid\u00e9o danse.<\/p>\n\n\n\n<p class=\"has-text-color\" style=\"color:#ff0000\"><a href=\"https:\/\/hojarasca-danza.com\/fr\/compania\/\">Plus d&#039;informations<\/a><\/p>\n<\/div>\n\n\n\n<div class=\"wp-block-column is-layout-flow wp-block-column-is-layout-flow\" style=\"flex-basis:33.33%\"><\/div>\n<\/div>\n\n\n\n<p>&nbsp;<\/p>","protected":false},"excerpt":{"rendered":"<p>Un programme d&#039;activit\u00e9s de revitalisation culturelle dans les zones non urbaines de Castilla y Le\u00f3n _ La compagnie castillane-l\u00e9onaise Alicia Soto-Hojarasca, sous la direction artistique d&#039;Alicia Soto, est la promotrice du projet \u00ab Un pas en avant \u00bb. Une programmation d\u2019activit\u00e9s qui s\u2019articule autour du langage de la danse contemporaine et urbaine, des arts [\u2026]<\/p>","protected":false},"author":4,"featured_media":5875,"parent":0,"menu_order":0,"comment_status":"closed","ping_status":"closed","template":"","meta":{"_acf_changed":false,"footnotes":""},"tipo-de-pagina":[21],"class_list":["post-5872","page","type-page","status-publish","has-post-thumbnail","hentry","tipo-de-pagina-tipo-espectaculos"],"acf":[],"_links":{"self":[{"href":"https:\/\/hojarasca-danza.com\/fr\/wp-json\/wp\/v2\/pages\/5872","targetHints":{"allow":["GET"]}}],"collection":[{"href":"https:\/\/hojarasca-danza.com\/fr\/wp-json\/wp\/v2\/pages"}],"about":[{"href":"https:\/\/hojarasca-danza.com\/fr\/wp-json\/wp\/v2\/types\/page"}],"author":[{"embeddable":true,"href":"https:\/\/hojarasca-danza.com\/fr\/wp-json\/wp\/v2\/users\/4"}],"replies":[{"embeddable":true,"href":"https:\/\/hojarasca-danza.com\/fr\/wp-json\/wp\/v2\/comments?post=5872"}],"version-history":[{"count":116,"href":"https:\/\/hojarasca-danza.com\/fr\/wp-json\/wp\/v2\/pages\/5872\/revisions"}],"predecessor-version":[{"id":6172,"href":"https:\/\/hojarasca-danza.com\/fr\/wp-json\/wp\/v2\/pages\/5872\/revisions\/6172"}],"wp:featuredmedia":[{"embeddable":true,"href":"https:\/\/hojarasca-danza.com\/fr\/wp-json\/wp\/v2\/media\/5875"}],"wp:attachment":[{"href":"https:\/\/hojarasca-danza.com\/fr\/wp-json\/wp\/v2\/media?parent=5872"}],"wp:term":[{"taxonomy":"tipo-de-pagina","embeddable":true,"href":"https:\/\/hojarasca-danza.com\/fr\/wp-json\/wp\/v2\/tipo-de-pagina?post=5872"}],"curies":[{"name":"wp","href":"https:\/\/api.w.org\/{rel}","templated":true}]}}

<hr class="wp-block-separator has-text-color has-black-color has-alpha-channel-opacity has-black-background-color has-background"/>



<div class="wp-block-columns alignfull are-vertically-aligned-center has-white-color has-black-background-color has-text-color has-background is-layout-flex wp-container-core-columns-is-layout-28f84493 wp-block-columns-is-layout-flex" style="font-style:normal;font-weight:500">
<div class="wp-block-column is-layout-flow wp-block-column-is-layout-flow" style="flex-basis:15%"></div>



<div class="wp-block-column is-vertically-aligned-center is-layout-flow wp-block-column-is-layout-flow" style="flex-basis:70%">
<div class="wp-block-group is-layout-constrained wp-block-group-is-layout-constrained">
<h1 class="wp-block-heading has-text-align-center">Un programme d&#039;activités pour la revitalisation culturelle dans les zones non urbaines de Castilla y León</h1>



<p class="has-text-align-center has-medium-font-size" style="font-style:normal;font-weight:400">_ La compagnie castillane-léonaise Alicia Soto-Hojarasca, sous la direction artistique d&#039;Alicia Soto, est la promotrice du projet « Un pas en avant ». Un programme d&#039;activités qui tourne autour du langage de la danse contemporaine et urbaine, des arts du mouvement et de la technologie, et qui visitera différents lieux de Valladolid.</p>



<p class="has-text-align-center has-medium-font-size" style="font-style:normal;font-weight:400">_ Du 3 au 25 juin, différents ateliers pour les femmes, les enfants et les jeunes seront programmés, ainsi que le spectacle de rue La Petite Voiture 2.0, par la compagnie. Alicia Soto-Hojarasca, dans les communes d&#039;Aldeamayor de San Martín, La Seca, Nava del Rey, Matapozuelos, Medina de Rioseco, Olmedo, Pozaldez, Rueda, Serrada, Tordesillas, Viana de Cega et Villalar de los Comuneros.</p>



<p class="has-text-align-center has-medium-font-size" style="font-style:normal;font-weight:400">_ La chorégraphe et danseuse Alicia Soto a passé près de 30 ans à développer des synergies entre les territoires non urbains et le monde artistique, favorisant l&#039;accès à la culture loin des villes et générant ainsi la création d&#039;emplois et une impulsion économique dans lesdits territoires.</p>
</div>
</div>



<div class="wp-block-column is-layout-flow wp-block-column-is-layout-flow" style="flex-basis:15%"></div>
</div>



<div class="wp-block-columns alignfull has-black-color has-white-background-color has-text-color has-background is-layout-flex wp-container-core-columns-is-layout-28f84493 wp-block-columns-is-layout-flex" style="font-size:18px;font-style:normal;font-weight:500">
<div class="wp-block-column is-layout-flow wp-block-column-is-layout-flow" style="flex-basis:33.33%"></div>



<div class="wp-block-column is-layout-flow wp-block-column-is-layout-flow" style="flex-basis:66.67%">
<figure class="wp-block-image size-large"><img fetchpriority="high" decoding="async" width="1024" height="268" src="https://hojarasca-danza.com/wp-content/uploads/2023/06/logos-con-fondo-blanco2-1024x268.jpg" alt="" class="wp-image-6045" srcset="https://hojarasca-danza.com/wp-content/uploads/2023/06/logos-con-fondo-blanco2-1024x268.jpg 1024w, https://hojarasca-danza.com/wp-content/uploads/2023/06/logos-con-fondo-blanco2-300x79.jpg 300w, https://hojarasca-danza.com/wp-content/uploads/2023/06/logos-con-fondo-blanco2-768x201.jpg 768w, https://hojarasca-danza.com/wp-content/uploads/2023/06/logos-con-fondo-blanco2-1536x402.jpg 1536w, https://hojarasca-danza.com/wp-content/uploads/2023/06/logos-con-fondo-blanco2-18x5.jpg 18w, https://hojarasca-danza.com/wp-content/uploads/2023/06/logos-con-fondo-blanco2.jpg 1769w" sizes="(max-width: 1024px) 100vw, 1024px" /></figure>



<hr class="wp-block-separator has-text-color has-white-color has-alpha-channel-opacity has-white-background-color has-background"/>



<div class="wp-block-group is-layout-constrained wp-block-group-is-layout-constrained">
<p>Au cours du mois de juin, du 3 au 25, la compagnie de danse contemporaine castillane-léonaise Alicia Soto-Hojarasca présentera un nouveau projet intitulé Un paso adelante, dans lequel elle poursuit son travail de dynamisation culturelle des zones non urbaines. Pour sa directrice, Alicia Soto, cette initiative s&#039;inscrit dans sa manière d&#039;appréhender la culture et plus particulièrement la danse, qui a guidé sa carrière de créatrice et celle de sa compagnie. Depuis 1994, date à laquelle il a commencé sa résidence artistique dans la ville de Burgos à Sasamón, Soto a plaidé pour l&#039;importance de la décentralisation des arts dans les villes, qui permet la démocratisation de l&#039;art, favorisant l&#039;accès à la culture en dehors des centres urbains et promeut la modernisation de des idées, des critères et une acceptation de la différence. En même temps, avec les différentes expériences mises en œuvre au fil des années, il a montré comment ce type d&#039;action crée des synergies avec la population locale et ses agents sociaux et éducatifs et favorise l&#039;activation de l&#039;économie locale et la création d&#039;emplois.</p>



<div style="height:31px" aria-hidden="true" class="wp-block-spacer"></div>



<p><strong>UN PAS EN AVANT</strong></p>



<p>La programmation d&#039;activités et d&#039;actions qui composent le projet Un paso adelante s&#039;articule autour du langage de la danse contemporaine, des arts du mouvement, de la danse-théâtre, des danses urbaines et de la technologie. La danse, en se passant du mot comme principal élément d&#039;expression, est un langage universel qui permet d&#039;atteindre des lieux inimaginables en lien avec l&#039;intelligence émotionnelle. Comme il n&#039;y a pas de mot, il n&#039;y a pas de barrière, et la communication est large et infinie, permettant au public d&#039;imaginer et de ressentir. De plus, sa pratique nous permet d&#039;aborder et d&#039;exprimer différents aspects de la vie et, au cours des dernières décennies, sa nature thérapeutique a été démontrée, aidant à la croissance personnelle et à la cohésion des communautés.</p>



<div style="height:14px" aria-hidden="true" class="wp-block-spacer"></div>



<p class="has-text-align-center has-white-color has-text-color has-background" style="background-color:#b6b6b6;font-size:19px">Pour le projet, la collaboration des municipalités d&#039;Aldeamayor de San Martín, La Seca, Nava del Rey, Matapozuelos, Medina de Rioseco, Olmedo, Pozaldez, Rueda, Serrada, Tordesillas, Viana de Cega et Villalar de los Comuneros a été reçue.</p>



<div style="height:14px" aria-hidden="true" class="wp-block-spacer"></div>



<p>Une avancée est constituée de trois piliers : des ateliers et un laboratoire d&#039;images pour les réseaux sociaux (à destination des femmes, des enfants et des jeunes) ; une résidence artistique à la Serrada courant 2023 et l&#039;exposition des spectacles La Petite Voiture 2.0 et Regards, créés par la compagnie Alicia Soto-Hojarasca. Les ateliers et les différentes fonctions qui auront lieu dans le spectacle auront lieu dans différentes villes de Valladolid comptant entre 300 et 4 000 habitants.</p>



<div class="wp-block-columns has-white-background-color has-background is-layout-flex wp-container-core-columns-is-layout-28f84493 wp-block-columns-is-layout-flex">
<div class="wp-block-column is-layout-flow wp-block-column-is-layout-flow">
<div class="wp-block-buttons is-content-justification-center is-layout-flex wp-container-core-buttons-is-layout-a89b3969 wp-block-buttons-is-layout-flex">
<div class="wp-block-button has-custom-font-size" style="font-size:18px;text-transform:uppercase"><a class="wp-block-button__link has-white-color has-black-background-color has-text-color has-background wp-element-button" href="https://hojarasca-danza.com/fr/actividades-y-laboratorio/" style="border-radius:0px" target="_blank" rel="noreferrer noopener">Ateliers et Laboratoire</a></div>
</div>
</div>



<div class="wp-block-column is-layout-flow wp-block-column-is-layout-flow">
<div class="wp-block-buttons is-content-justification-center is-layout-flex wp-container-core-buttons-is-layout-a89b3969 wp-block-buttons-is-layout-flex">
<div class="wp-block-button has-custom-font-size" style="font-size:18px;text-transform:uppercase"><a class="wp-block-button__link has-white-color has-black-background-color has-text-color has-background has-text-align-center wp-element-button" href="https://hojarasca-danza.com/fr/espectaculos/" style="border-radius:0px">Spectacles : La Petite voiture 2.0 et Regards </a></div>
</div>
</div>
</div>



<div class="wp-block-columns has-white-background-color has-background is-layout-flex wp-container-core-columns-is-layout-28f84493 wp-block-columns-is-layout-flex">
<div class="wp-block-column is-layout-flow wp-block-column-is-layout-flow">
<div class="wp-block-buttons is-content-justification-center is-layout-flex wp-container-core-buttons-is-layout-a89b3969 wp-block-buttons-is-layout-flex">
<div class="wp-block-button has-custom-font-size" style="font-size:18px;text-transform:uppercase"><a class="wp-block-button__link has-white-color has-black-background-color has-text-color has-background wp-element-button" href="https://hojarasca-danza.com/fr/programacion-un-paso-adelante-por-dias/" style="border-radius:0px">Programmation complète (par jours / Lieu)</a></div>
</div>
</div>
</div>
</div>



<p><strong>Le projet est financé par l&#039;Union Européenne, dans le cadre du Plan de Relance, de Transformation et de Résilience ; avec la collaboration du Ministère de la Culture, du Tourisme et des Sports de la Junta de Castilla y León.</strong></p>



<div style="height:24px" aria-hidden="true" class="wp-block-spacer"></div>



<p><strong>RÉSIDENCE D&#039;ARTISTE</strong></p>



<p>La société Alicia Soto-Hojarasca développera des périodes de recherche à Serrada (Valladolid) pour sa nouvelle production courant 2023. Un atelier pour les femmes de 45 à 55 ans sera organisé pour travailler avec elles sur ce projet.</p>



<div style="height:33px" aria-hidden="true" class="wp-block-spacer"></div>



<p><strong>ENTREPRISE ALICIA SOTO-HOJARASCA</strong></p>



<p>Alicia Soto-Hojarasca est une compagnie professionnelle de danse contemporaine et de création au long passé, créée en 1994, sous la direction artistique et chorégraphique d&#039;Alicia Soto.</p>



<p>Plus de 30 spectacles ont été mis en scène, grand, moyen et petit format, créations vidéo et vidéo danse.</p>



<p class="has-text-color" style="color:#ff0000"><a href="https://hojarasca-danza.com/fr/compania/">Plus d&#039;informations</a></p>
</div>



<div class="wp-block-column is-layout-flow wp-block-column-is-layout-flow" style="flex-basis:33.33%"></div>
</div>



<p>&nbsp;</p>

<p>Un programme d&#039;activités de revitalisation culturelle dans les zones non urbaines de Castilla y León _ La compagnie castillane-léonaise Alicia Soto-Hojarasca, sous la direction artistique d&#039;Alicia Soto, est la promotrice du projet « Un pas en avant ». Une programmation d’activités qui s’articule autour du langage de la danse contemporaine et urbaine, des arts […]</p>
